{"id":152,"date":"2020-08-04T17:52:57","date_gmt":"2020-08-04T13:52:57","guid":{"rendered":"http:\/\/intermedplus.az\/?page_id=152"},"modified":"2020-08-04T17:52:58","modified_gmt":"2020-08-04T13:52:58","slug":"ginekologiya","status":"publish","type":"page","link":"https:\/\/intermedplus.az\/?page_id=152","title":{"rendered":"Ginekologiya"},"content":{"rendered":"\n<p><strong>Ginekologiya<\/strong>\u00a0&#8211; tibbin qad\u0131n orqanizmi, cinsiyy\u0259t\u00a0sistemi v\u0259 reproduktiv funksiyas\u0131n\u0131 \u00f6yr\u0259n\u0259n, qad\u0131n x\u0259st\u0259likl\u0259rinin profilaktikas\u0131 v\u0259 m\u00fcalic\u0259si il\u0259 m\u0259\u015f\u011ful olan sah\u0259sidir.<br>Ginekoloji sa\u011flaml\u0131q sad\u0259c\u0259 n\u0259silart\u0131rma qabiliyy\u0259ti deyil, \u00fcmumilikd\u0259 qad\u0131n sa\u011flaml\u0131\u011f\u0131d\u0131r.\u00a0Bunun \u00fc\u00e7\u00fcn d\u0259, ginekologiya sah\u0259si t\u0259kc\u0259 reproduktiv sistemin x\u0259st\u0259likl\u0259rinin m\u00fcalic\u0259si il\u0259 deyil,qad\u0131n\u0131n h\u0259rt\u0259r\u0259fli sa\u011flaml\u0131\u011f\u0131 il\u0259 m\u0259\u015f\u011ful olur.<\/p>\n\n\n\n<ul class=\"wp-block-list\"><li>U\u015faql\u0131qda apar\u0131lan \u0259m\u0259liyyatlar (total abdominal histerektomiya, vaginal histerektomiya, radikal histerektomiya, miomektomiya v\u0259 s.)<\/li><li>Vulva, vaginada v\u0259 u\u015faql\u0131q boynunda apar\u0131lan \u0259m\u0259liyyatlar (plastik \u0259m\u0259liyyatlar)<\/li><li>U\u015faql\u0131q art\u0131mlar\u0131nda apar\u0131lan \u0259m\u0259liyyatlar Laporaskopik \u0259m\u0259liyyatlar (laporaskopik yumurtal\u0131qlar\u0131n t\u00f6r\u0259m\u0259 v\u0259 kistl\u0259rin \u00e7\u0131xard\u0131lmas\u0131, tubektomiya, laporaskopik histerektomiya v\u0259 b\u00fct\u00fcn n\u00f6v laporaskopik \u0259m\u0259liyyatlar)<\/li><li>Histeroskopik \u0259m\u0259liyyatlar (b\u00fct\u00fcn n\u00f6v diaqnostik v\u0259 c\u0259rrahi histeroskopik \u0259m\u0259liyyatlar)<\/li><\/ul>\n\n\n\n<p><strong>\u00abInterMed\u00bb+ Diaqnostika M\u0259rk\u0259zind\u0259<\/strong> m\u00fcxt\u0259lif ginekoloji x\u0259st\u0259likl\u0259rin:<\/p>\n\n\n\n<ul class=\"wp-block-list\"><li>U\u015faql\u0131q miomalar\u0131;<\/li><li>\u00a0Endometrioz;<\/li><li>\u00a0Yumurtal\u0131qlar\u0131n kistas\u0131;<\/li><li>Endometriya v\u0259 u\u015faql\u0131q boynunun hiperplaziyas\u0131 v\u0259 polipl\u0259ri;<\/li><li>U\u015faql\u0131q boynu patologiyalar\u0131;<\/li><li>M\u00fcxt\u0259lif etiologiyal\u0131 u\u015faql\u0131q qanaxmalar\u0131;<\/li><li>Qad\u0131n cinsiyy\u0259t orqanlar\u0131n\u0131n iltihab\u0131 x\u0259st\u0259likl\u0259ri;<\/li><li>Sonsuzluq;<\/li><li>Cinsi yolla \u00f6t\u00fcr\u00fcl\u0259n infeksiyalar<\/li><li>Kolposkopiya<\/li><li>PAP SMEAR v\u0259 HPV (papilloma) virusunun a\u015fkarlanmas\u0131<\/li><li>Diagnostik v\u0259 cerrahi histeroskopiya v\u0259 s. diaqnostikas\u0131 v\u0259 m\u00fcalic\u0259si apar\u0131l\u0131r.<\/li><\/ul>\n\n\n\n<p>H\u0259kim-ginekoloqlar\u0131m\u0131z t\u0259r\u0259find\u0259n u\u015faql\u0131q daxili inseminasiya(\u0130U\u0130) xidm\u0259ti d\u0259 u\u011furla h\u0259yata ke\u00e7irilir. U\u015faql\u0131qdaxili \u0130nseminasiya (\u0130U\u0130) q\u0131sa m\u00fcdd\u0259t davam ed\u0259n a\u011fr\u0131s\u0131z bir m\u00fcalic\u0259 \u00fcsuludur. U\u015faql\u0131qdaxili \u0130nseminasiya (\u0130U\u0130) \u00fcsulu bir il boyunca normal cinsi \u0259laq\u0259y\u0259 baxmayaraq, hamil\u0259 qala bilm\u0259mi\u015f v\u0259 sonsuzluq diaqnozu qoyulmu\u015f x\u0259st\u0259l\u0259r\u0259 t\u0259tbiq edil\u0259n bir yard\u0131m\u00e7\u0131 reproduktiv \u00fcsuldur.<\/p>\n\n\n\n<p>Histerosalpinqoqrafiya u\u015faql\u0131q v\u0259 u\u015faql\u0131q borular\u0131n\u0131n kontrast madd\u0259 veril\u0259r\u0259k u\u015faql\u0131q borular\u0131n\u0131n a\u00e7\u0131q olub-olmamas\u0131n\u0131n, eyni zamanda u\u015faql\u0131\u011f\u0131n v\u0259ziyy\u0259tini t\u0259yin etm\u0259k \u00fc\u00e7\u00fcn istifad\u0259 olunan diaqnostika metodudur. Kontrast madd\u0259 x\u00fcsusi plastik boru vasit\u0259sil\u0259 u\u015faql\u0131q daxilin\u0259 vurulur v\u0259 n\u0259tic\u0259d\u0259 rentgen filmind\u0259 orqanlar\u0131n g\u00f6r\u00fclm\u0259si m\u00fcmk\u00fcn olur.<\/p>\n\n\n\n<p>Kolposkopiya yeni m\u00fcasir videokolposkop il\u0259 apar\u0131l\u0131r. Bu m\u00fcayin\u0259 h\u0259kim\u0259 u\u015faql\u0131q boynu v\u0259 u\u015faql\u0131q yolunun d\u0259f\u0259l\u0259rl\u0259 b\u00f6y\u00fcd\u00fclm\u00fc\u015f \u015f\u0259klini g\u00f6rm\u0259y\u0259, h\u0259min nahiy\u0259l\u0259rin x\u0259r\u00e7\u0259ng v\u0259 x\u0259r\u00e7\u0259ng y\u00f6n\u00fc d\u0259yi\u015fiklikl\u0259rini a\u015fkar etm\u0259y\u0259 imkan verir. Kolposkopiya u\u015faql\u0131q boynu eroziyas\u0131, leykoplakiya, ektopya, u\u015faql\u0131q boynunun displaziya v\u0259 x\u0259r\u00e7\u0259nginin diaqnostikas\u0131nda \u0259v\u0259zolunmaz m\u00fcayin\u0259 \u00fcsuludur.<\/p>\n\n\n\n<p><strong>Ginekoloji x\u0259st\u0259likl\u0259r b\u00f6l\u00fcn\u00fcr:<\/strong><\/p>\n\n\n\n<ul class=\"wp-block-list\"><li>Cinsi yolla\u00a0ke\u00e7\u0259n infeksion x\u0259st\u0259likl\u0259r<\/li><li>U\u015faql\u0131q boynu patologiyas\u0131<\/li><li>D\u00f6\u015f v\u0259zil\u0259rinin patologiyas\u0131<\/li><li>\u0130ltihabi x\u0259st\u0259likl\u0259rin b\u00fct\u00fcn spektri<\/li><li>Endokrinologiya (neyroendokrin ginekoloji x\u0259st\u0259likl\u0259r)<\/li><li>Menopauza<\/li><li>Alqodismenoreya, dismenoreya<\/li><li>Hamil\u0259liyin apar\u0131lmas\u0131<\/li><li>Hamil\u0259liyin pozulmalar\u0131<\/li><\/ul>\n","protected":false},"excerpt":{"rendered":"<p>Ginekologiya\u00a0&#8211; tibbin qad\u0131n orqanizmi, cinsiyy\u0259t\u00a0sistemi v\u0259 reproduktiv funksiyas\u0131n\u0131 \u00f6yr\u0259n\u0259n, qad\u0131n x\u0259st\u0259likl\u0259rinin profilaktikas\u0131 v\u0259 m\u00fcalic\u0259si il\u0259 m\u0259\u015f\u011ful olan sah\u0259sidir.Ginekoloji sa\u011flaml\u0131q sad\u0259c\u0259 n\u0259silart\u0131rma qabiliyy\u0259ti deyil, \u00fcmumilikd\u0259 qad\u0131n sa\u011flaml\u0131\u011f\u0131d\u0131r.\u00a0Bunun \u00fc\u00e7\u00fcn d\u0259, ginekologiya sah\u0259si t\u0259kc\u0259 reproduktiv sistemin x\u0259st\u0259likl\u0259rinin m\u00fcalic\u0259si il\u0259 deyil,qad\u0131n\u0131n h\u0259rt\u0259r\u0259fli sa\u011flaml\u0131\u011f\u0131 il\u0259 m\u0259\u015f\u011ful olur. U\u015faql\u0131qda apar\u0131lan \u0259m\u0259liyyatlar (total abdominal histerektomiya, vaginal histerektomiya, radikal histerektomiya, miomektomiya v\u0259 s.)&hellip;<\/p>\n","protected":false},"author":1,"featured_media":153,"parent":0,"menu_order":0,"comment_status":"closed","ping_status":"closed","template":"","meta":{"pagelayer_contact_templates":[],"_pagelayer_content":"","footnotes":""},"class_list":["post-152","page","type-page","status-publish","has-post-thumbnail","hentry"],"_links":{"self":[{"href":"https:\/\/intermedplus.az\/index.php?rest_route=\/wp\/v2\/pages\/152","targetHints":{"allow":["GET"]}}],"collection":[{"href":"https:\/\/intermedplus.az\/index.php?rest_route=\/wp\/v2\/pages"}],"about":[{"href":"https:\/\/intermedplus.az\/index.php?rest_route=\/wp\/v2\/types\/page"}],"author":[{"embeddable":true,"href":"https:\/\/intermedplus.az\/index.php?rest_route=\/wp\/v2\/users\/1"}],"replies":[{"embeddable":true,"href":"https:\/\/intermedplus.az\/index.php?rest_route=%2Fwp%2Fv2%2Fcomments&post=152"}],"version-history":[{"count":1,"href":"https:\/\/intermedplus.az\/index.php?rest_route=\/wp\/v2\/pages\/152\/revisions"}],"predecessor-version":[{"id":154,"href":"https:\/\/intermedplus.az\/index.php?rest_route=\/wp\/v2\/pages\/152\/revisions\/154"}],"wp:featuredmedia":[{"embeddable":true,"href":"https:\/\/intermedplus.az\/index.php?rest_route=\/wp\/v2\/media\/153"}],"wp:attachment":[{"href":"https:\/\/intermedplus.az\/index.php?rest_route=%2Fwp%2Fv2%2Fmedia&parent=152"}],"curies":[{"name":"wp","href":"https:\/\/api.w.org\/{rel}","templated":true}]}}