{"id":171,"date":"2020-08-04T19:27:28","date_gmt":"2020-08-04T15:27:28","guid":{"rendered":"http:\/\/intermedplus.az\/?page_id=171"},"modified":"2020-08-04T19:27:29","modified_gmt":"2020-08-04T15:27:29","slug":"diaqnostika","status":"publish","type":"page","link":"https:\/\/intermedplus.az\/?page_id=171","title":{"rendered":"Diaqnostika"},"content":{"rendered":"\n<p>Hospital\u0131m\u0131zda \u0259n m\u00fcasir diaqnostik avadanl\u0131qlardan istifad\u0259 edilm\u0259kl\u0259, ultras\u0259s m\u00fcayin\u0259l\u0259ri, periferik limfa d\u00fcy\u00fcnl\u0259rinin ultras\u0259s m\u00fcayin\u0259si, bazu oyna\u011f\u0131n\u0131n ultras\u0259s m\u00fcayin\u0259si, r\u0259ngli doppler kimi m\u00fcayin\u0259l\u0259r pe\u015f\u0259kar h\u0259kiml\u0259rimiz t\u0259r\u0259find\u0259n h\u0259yata ke\u00e7irilir.&nbsp;<\/p>\n\n\n\n<p>Funksional diaqnostika \u00fczr\u0259 h\u0259kiml\u0259rimiz daim bilik v\u0259 bacar\u0131qlar\u0131n\u0131n t\u0259kmill\u0259r\u015fdir\u0259r\u0259k erk\u0259n diaqnostikan\u0131n apar\u0131lmas\u0131 \u00fc\u00e7\u00fcn m\u00fcasir \u00fcsullar\u0131 \u00f6yr\u0259nirl\u0259r.<\/p>\n\n\n\n<p>Dig\u0259r \u00fcst\u00fcnl\u00fckl\u0259rimizd\u0259n biri d\u0259 odur ki, erk\u0259n diaqnostikan\u0131n apar\u0131lmas\u0131 \u00fc\u00e7\u00fcn pasiyentl\u0259rimiz\u0259\u00a024 saat\u00a0\u0259rzind\u0259 xidm\u0259t g\u00f6st\u0259rilir.\u00a0<\/p>\n\n\n\n<p><strong>\u00abInterMed\u00bb+ Diaqnostika M\u0259rk\u0259zind\u0259\u00a0 a\u015fa\u011f\u0131dak\u0131\u00a0diaqnostik m\u00fcayin\u0259l\u0259r ke\u00e7irilir:<\/strong><\/p>\n\n\n\n<ul class=\"wp-block-list\"><li>Pediartik ultras\u0259s m\u00fcayin\u0259l\u0259ri<\/li><li>Periferik limfa d\u00fcy\u00fcnl\u0259rinin ultras\u0259s m\u00fcayin\u0259si<\/li><li>Bazu oyna\u011f\u0131n\u0131n ultras\u0259s m\u00fcayin\u0259si<\/li><li>R\u0259ngli doppler m\u00fcayin\u0259l\u0259ri<\/li><li>Elastometriya-qaraciy\u0259rin FibroScan m\u00fcayin\u0259si<\/li><li>S\u00fcd v\u0259zisind\u0259n biopsiyan\u0131n al\u0131nmas\u0131<\/li><li>Qalxanvar\u0131 v\u0259zid\u0259n biopsiyan\u0131n al\u0131nmas\u0131<\/li><li>Plevral v\u0259 Periton bo\u015fluqlarda mayenin bo\u015fald\u0131lmas\u0131<\/li><\/ul>\n","protected":false},"excerpt":{"rendered":"<p>Hospital\u0131m\u0131zda \u0259n m\u00fcasir diaqnostik avadanl\u0131qlardan istifad\u0259 edilm\u0259kl\u0259, ultras\u0259s m\u00fcayin\u0259l\u0259ri, periferik limfa d\u00fcy\u00fcnl\u0259rinin ultras\u0259s m\u00fcayin\u0259si, bazu oyna\u011f\u0131n\u0131n ultras\u0259s m\u00fcayin\u0259si, r\u0259ngli doppler kimi m\u00fcayin\u0259l\u0259r pe\u015f\u0259kar h\u0259kiml\u0259rimiz t\u0259r\u0259find\u0259n h\u0259yata ke\u00e7irilir.&nbsp; Funksional diaqnostika \u00fczr\u0259 h\u0259kiml\u0259rimiz daim bilik v\u0259 bacar\u0131qlar\u0131n\u0131n t\u0259kmill\u0259r\u015fdir\u0259r\u0259k erk\u0259n diaqnostikan\u0131n apar\u0131lmas\u0131 \u00fc\u00e7\u00fcn m\u00fcasir \u00fcsullar\u0131 \u00f6yr\u0259nirl\u0259r. Dig\u0259r \u00fcst\u00fcnl\u00fckl\u0259rimizd\u0259n biri d\u0259 odur ki, erk\u0259n diaqnostikan\u0131n apar\u0131lmas\u0131 \u00fc\u00e7\u00fcn pasiyentl\u0259rimiz\u0259\u00a024 saat\u00a0\u0259rzind\u0259&hellip;<\/p>\n","protected":false},"author":1,"featured_media":172,"parent":0,"menu_order":0,"comment_status":"closed","ping_status":"closed","template":"","meta":{"pagelayer_contact_templates":[],"_pagelayer_content":"","footnotes":""},"class_list":["post-171","page","type-page","status-publish","has-post-thumbnail","hentry"],"_links":{"self":[{"href":"https:\/\/intermedplus.az\/index.php?rest_route=\/wp\/v2\/pages\/171","targetHints":{"allow":["GET"]}}],"collection":[{"href":"https:\/\/intermedplus.az\/index.php?rest_route=\/wp\/v2\/pages"}],"about":[{"href":"https:\/\/intermedplus.az\/index.php?rest_route=\/wp\/v2\/types\/page"}],"author":[{"embeddable":true,"href":"https:\/\/intermedplus.az\/index.php?rest_route=\/wp\/v2\/users\/1"}],"replies":[{"embeddable":true,"href":"https:\/\/intermedplus.az\/index.php?rest_route=%2Fwp%2Fv2%2Fcomments&post=171"}],"version-history":[{"count":1,"href":"https:\/\/intermedplus.az\/index.php?rest_route=\/wp\/v2\/pages\/171\/revisions"}],"predecessor-version":[{"id":173,"href":"https:\/\/intermedplus.az\/index.php?rest_route=\/wp\/v2\/pages\/171\/revisions\/173"}],"wp:featuredmedia":[{"embeddable":true,"href":"https:\/\/intermedplus.az\/index.php?rest_route=\/wp\/v2\/media\/172"}],"wp:attachment":[{"href":"https:\/\/intermedplus.az\/index.php?rest_route=%2Fwp%2Fv2%2Fmedia&parent=171"}],"curies":[{"name":"wp","href":"https:\/\/api.w.org\/{rel}","templated":true}]}}