{"id":178,"date":"2020-08-04T19:51:47","date_gmt":"2020-08-04T15:51:47","guid":{"rendered":"http:\/\/intermedplus.az\/?page_id=178"},"modified":"2020-08-04T20:05:55","modified_gmt":"2020-08-04T16:05:55","slug":"laboratoriya","status":"publish","type":"page","link":"https:\/\/intermedplus.az\/?page_id=178","title":{"rendered":"Laboratoriya"},"content":{"rendered":"\n<p>\u00abInterMed\u00bb+ Diaqnostika M\u0259rk\u0259zinin Tibbi laboratoriyas\u0131 2019-cu il tarixind\u0259 <strong>ISO 15189:2012<\/strong> &#8211; \u201cTibbi laboratoriyalar. Keyfiyy\u0259t\u0259 v\u0259 s\u0259lah\u0259yy\u0259tliliy\u0259 olan t\u0259l\u0259bl\u0259r\u201d beyn\u0259lxalq keyfiyy\u0259t sertifikat\u0131n\u0131 al\u0131b.<\/p>\n\n\n\n<p>Az\u0259rbaycanda f\u0259aliyy\u0259t g\u00f6st\u0259r\u0259n qabaqc\u0131l kliniki-diaqnostik laborotariyalardan biridir. Laboratoriya m\u00fcasir, tam avtomatla\u015fd\u0131r\u0131lm\u0131\u015f analizatorlarda <strong>kliniki, biokimy\u0259vi <\/strong>v\u0259<strong> immunoferment<\/strong> analizl\u0259rin m\u00fcxt\u0259lif profill\u0259r \u00fczr\u0259 apar\u0131lmas\u0131 \u00fc\u00e7\u00fcn b\u00fct\u00fcn z\u0259ruri resurslara malikdir.<\/p>\n\n\n\n<p>\u00abInterMed\u00bb+ Diaqnostika M\u0259rk\u0259zinin Tibbi laboratoriyas\u0131nda <strong>kliniki, biokimy\u0259vi <\/strong>v\u0259<strong> immunoferment<\/strong> \u00fczr\u0259 a\u015fa\u011f\u0131dal\u0131 tibbi t\u0259hlill\u0259r apar\u0131l\u0131r.<\/p>\n\n\n\n<ul class=\"wp-block-list\"><li>Kliniki testl\u0259r<\/li><li>Hematoloji testl\u0259r<\/li><li>Biokimy\u0259vi testl\u0259r<\/li><li>\u0130mmun-autoimmun<\/li><li>Onkomarkerl\u0259r<\/li><li>Polimeraz Z\u0259ncirvari Reaksiya (PZR)<\/li><li>Genetik<\/li><li>\u0130nfeksiyalar<\/li><li>Bakterioloji<\/li><li>Patoloji-histoloji<\/li><li>Hormonlar<\/li><\/ul>\n\n\n\n<p><\/p>\n","protected":false},"excerpt":{"rendered":"<p>\u00abInterMed\u00bb+ Diaqnostika M\u0259rk\u0259zinin Tibbi laboratoriyas\u0131 2019-cu il tarixind\u0259 ISO 15189:2012 &#8211; \u201cTibbi laboratoriyalar. Keyfiyy\u0259t\u0259 v\u0259 s\u0259lah\u0259yy\u0259tliliy\u0259 olan t\u0259l\u0259bl\u0259r\u201d beyn\u0259lxalq keyfiyy\u0259t sertifikat\u0131n\u0131 al\u0131b. Az\u0259rbaycanda f\u0259aliyy\u0259t g\u00f6st\u0259r\u0259n qabaqc\u0131l kliniki-diaqnostik laborotariyalardan biridir. Laboratoriya m\u00fcasir, tam avtomatla\u015fd\u0131r\u0131lm\u0131\u015f analizatorlarda kliniki, biokimy\u0259vi v\u0259 immunoferment analizl\u0259rin m\u00fcxt\u0259lif profill\u0259r \u00fczr\u0259 apar\u0131lmas\u0131 \u00fc\u00e7\u00fcn b\u00fct\u00fcn z\u0259ruri resurslara malikdir. \u00abInterMed\u00bb+ Diaqnostika M\u0259rk\u0259zinin Tibbi laboratoriyas\u0131nda kliniki, biokimy\u0259vi&hellip;<\/p>\n","protected":false},"author":1,"featured_media":192,"parent":0,"menu_order":0,"comment_status":"closed","ping_status":"closed","template":"","meta":{"pagelayer_contact_templates":[],"_pagelayer_content":"","footnotes":""},"class_list":["post-178","page","type-page","status-publish","has-post-thumbnail","hentry"],"_links":{"self":[{"href":"https:\/\/intermedplus.az\/index.php?rest_route=\/wp\/v2\/pages\/178","targetHints":{"allow":["GET"]}}],"collection":[{"href":"https:\/\/intermedplus.az\/index.php?rest_route=\/wp\/v2\/pages"}],"about":[{"href":"https:\/\/intermedplus.az\/index.php?rest_route=\/wp\/v2\/types\/page"}],"author":[{"embeddable":true,"href":"https:\/\/intermedplus.az\/index.php?rest_route=\/wp\/v2\/users\/1"}],"replies":[{"embeddable":true,"href":"https:\/\/intermedplus.az\/index.php?rest_route=%2Fwp%2Fv2%2Fcomments&post=178"}],"version-history":[{"count":2,"href":"https:\/\/intermedplus.az\/index.php?rest_route=\/wp\/v2\/pages\/178\/revisions"}],"predecessor-version":[{"id":198,"href":"https:\/\/intermedplus.az\/index.php?rest_route=\/wp\/v2\/pages\/178\/revisions\/198"}],"wp:featuredmedia":[{"embeddable":true,"href":"https:\/\/intermedplus.az\/index.php?rest_route=\/wp\/v2\/media\/192"}],"wp:attachment":[{"href":"https:\/\/intermedplus.az\/index.php?rest_route=%2Fwp%2Fv2%2Fmedia&parent=178"}],"curies":[{"name":"wp","href":"https:\/\/api.w.org\/{rel}","templated":true}]}}