{"id":324,"date":"2020-08-15T21:52:56","date_gmt":"2020-08-15T17:52:56","guid":{"rendered":"http:\/\/intermedplus.az\/?page_id=324"},"modified":"2020-08-15T21:52:57","modified_gmt":"2020-08-15T17:52:57","slug":"dr-mirz%c9%99yeva-t%c9%99ran%c9%99","status":"publish","type":"page","link":"https:\/\/intermedplus.az\/?page_id=324","title":{"rendered":"Dr. Mirz\u0259yeva T\u0259ran\u0259"},"content":{"rendered":"\n<h2 class=\"wp-block-heading\">Nevroloq, Alqoloq v\u0259 Refleksoterapevt<\/h2>\n\n\n\n<h2 class=\"wp-block-heading\"><strong>Mirz\u0259yeva T\u0259ran\u0259<\/strong>\u00a0S\u0259fqulu q\u0131z\u0131.<\/h2>\n\n\n\n<h2 class=\"wp-block-heading\">1980-ci ild\u0259 Sumqay\u0131t \u015f\u0259h\u0259rind\u0259 anadan olmu\u015fdur.<\/h2>\n\n\n\n<h2 class=\"wp-block-heading\">20003-c\u00fc ild\u0259 Az\u0259rbaycan Tibb Universitetinin Nevrologiya ixtisas\u0131n\u0131 bitirmi\u015fdir. Nevroloq, EEQ, alqoloq (a\u011fr\u0131 \u00fczr\u0259 m\u00fct\u0259x\u0259ssis), refleksoterapevt (akapunktur), epilepsiya EEQ Kontrol il\u0259 m\u00fcalic\u0259l\u0259rini h\u0259yata ke\u00e7irm\u0259kl\u0259 yana\u015f\u0131 miqren, m\u00fcxt\u0259lif m\u0259n\u015f\u0259li ba\u015f a\u011fr\u0131lar\u0131, nevrozlar, m\u00fcxt\u0259lif m\u0259n\u015f\u0259li neyropatiyalar, \u00fc\u00e7l\u00fc sinirin nevrologiyas\u0131 v\u0259 s. tipli nevrologiyalar, enorez, m\u00fcxt\u0259lif m\u0259n\u015f\u0259li ensefalopatiyalar, bel, oma protruziyalar\u0131, ki\u00e7ik \u00f6l\u00e7\u00fcl\u00fc y\u0131rt\u0131qlar, b\u0259d\u0259nin m\u00fcxt\u0259lif nahiy\u0259l\u0259rind\u0259 olan a\u011fr\u0131lar\u0131n f\u0259rqli \u00fcsullarla m\u00fcalic\u0259si, a\u011fr\u0131lar\u0131n inyeksiya il\u0259 m\u00fcalic\u0259l\u0259rini h\u0259yata ke\u00e7irir.<\/h2>\n\n\n\n<h2 class=\"wp-block-heading\">\u00c7oxsayl\u0131 Beyn\u0259lxalq Elmi Konfranslarda i\u015ftirak etmi\u015fdir. F\u0259aliyy\u0259t g\u00f6st\u0259rdiyi sah\u0259l\u0259r \u00fczr\u0259 b\u00f6y\u00fck t\u0259cr\u00fcb\u0259y\u0259 v\u0259 m\u00fcvafiq sertifikatlara malikdir.<\/h2>\n","protected":false},"excerpt":{"rendered":"<p>Nevroloq, Alqoloq v\u0259 Refleksoterapevt Mirz\u0259yeva T\u0259ran\u0259\u00a0S\u0259fqulu q\u0131z\u0131. 1980-ci ild\u0259 Sumqay\u0131t \u015f\u0259h\u0259rind\u0259 anadan olmu\u015fdur. 20003-c\u00fc ild\u0259 Az\u0259rbaycan Tibb Universitetinin Nevrologiya ixtisas\u0131n\u0131 bitirmi\u015fdir. Nevroloq, EEQ, alqoloq (a\u011fr\u0131 \u00fczr\u0259 m\u00fct\u0259x\u0259ssis), refleksoterapevt (akapunktur), epilepsiya EEQ Kontrol il\u0259 m\u00fcalic\u0259l\u0259rini h\u0259yata ke\u00e7irm\u0259kl\u0259 yana\u015f\u0131 miqren, m\u00fcxt\u0259lif m\u0259n\u015f\u0259li ba\u015f a\u011fr\u0131lar\u0131, nevrozlar, m\u00fcxt\u0259lif m\u0259n\u015f\u0259li neyropatiyalar, \u00fc\u00e7l\u00fc sinirin nevrologiyas\u0131 v\u0259 s. tipli nevrologiyalar, enorez, m\u00fcxt\u0259lif&hellip;<\/p>\n","protected":false},"author":1,"featured_media":325,"parent":0,"menu_order":0,"comment_status":"closed","ping_status":"closed","template":"","meta":{"pagelayer_contact_templates":[],"_pagelayer_content":"","footnotes":""},"class_list":["post-324","page","type-page","status-publish","has-post-thumbnail","hentry"],"_links":{"self":[{"href":"https:\/\/intermedplus.az\/index.php?rest_route=\/wp\/v2\/pages\/324","targetHints":{"allow":["GET"]}}],"collection":[{"href":"https:\/\/intermedplus.az\/index.php?rest_route=\/wp\/v2\/pages"}],"about":[{"href":"https:\/\/intermedplus.az\/index.php?rest_route=\/wp\/v2\/types\/page"}],"author":[{"embeddable":true,"href":"https:\/\/intermedplus.az\/index.php?rest_route=\/wp\/v2\/users\/1"}],"replies":[{"embeddable":true,"href":"https:\/\/intermedplus.az\/index.php?rest_route=%2Fwp%2Fv2%2Fcomments&post=324"}],"version-history":[{"count":1,"href":"https:\/\/intermedplus.az\/index.php?rest_route=\/wp\/v2\/pages\/324\/revisions"}],"predecessor-version":[{"id":326,"href":"https:\/\/intermedplus.az\/index.php?rest_route=\/wp\/v2\/pages\/324\/revisions\/326"}],"wp:featuredmedia":[{"embeddable":true,"href":"https:\/\/intermedplus.az\/index.php?rest_route=\/wp\/v2\/media\/325"}],"wp:attachment":[{"href":"https:\/\/intermedplus.az\/index.php?rest_route=%2Fwp%2Fv2%2Fmedia&parent=324"}],"curies":[{"name":"wp","href":"https:\/\/api.w.org\/{rel}","templated":true}]}}