{"id":371,"date":"2020-09-16T01:04:10","date_gmt":"2020-09-15T21:04:10","guid":{"rendered":"http:\/\/intermedplus.az\/?page_id=371"},"modified":"2020-09-16T01:04:11","modified_gmt":"2020-09-15T21:04:11","slug":"dr-m%c9%99mm%c9%99dov-anar","status":"publish","type":"page","link":"https:\/\/intermedplus.az\/?page_id=371","title":{"rendered":"Dr. M\u0259mm\u0259dov Anar"},"content":{"rendered":"\n<p>H\u0259kim-Pediatr<\/p>\n\n\n\n<p>10.03.1981-ci ild\u0259 Yard\u0131ml\u0131da anadan olmu\u015fdur.<\/p>\n\n\n\n<p>2004-c\u00fc ild\u0259 Az\u0259rbaycan Tibb Universitetini Pediatriya fak\u00fclt\u0259sini bitirmi\u015fdir.<\/p>\n\n\n\n<p>2017-ci ild\u0259n \u0130ntermed+ Diaqnostika M\u0259rk\u0259zind\u0259 H\u0259kim-Pediatr v\u0259zif\u0259sind\u0259 f\u0259aliyy\u0259t g\u00f6st\u0259rir.<\/p>\n","protected":false},"excerpt":{"rendered":"<p>H\u0259kim-Pediatr 10.03.1981-ci ild\u0259 Yard\u0131ml\u0131da anadan olmu\u015fdur. 2004-c\u00fc ild\u0259 Az\u0259rbaycan Tibb Universitetini Pediatriya fak\u00fclt\u0259sini bitirmi\u015fdir. 2017-ci ild\u0259n \u0130ntermed+ Diaqnostika M\u0259rk\u0259zind\u0259 H\u0259kim-Pediatr v\u0259zif\u0259sind\u0259 f\u0259aliyy\u0259t g\u00f6st\u0259rir.<\/p>\n","protected":false},"author":1,"featured_media":372,"parent":0,"menu_order":0,"comment_status":"closed","ping_status":"closed","template":"","meta":{"pagelayer_contact_templates":[],"_pagelayer_content":"","footnotes":""},"class_list":["post-371","page","type-page","status-publish","has-post-thumbnail","hentry"],"_links":{"self":[{"href":"https:\/\/intermedplus.az\/index.php?rest_route=\/wp\/v2\/pages\/371","targetHints":{"allow":["GET"]}}],"collection":[{"href":"https:\/\/intermedplus.az\/index.php?rest_route=\/wp\/v2\/pages"}],"about":[{"href":"https:\/\/intermedplus.az\/index.php?rest_route=\/wp\/v2\/types\/page"}],"author":[{"embeddable":true,"href":"https:\/\/intermedplus.az\/index.php?rest_route=\/wp\/v2\/users\/1"}],"replies":[{"embeddable":true,"href":"https:\/\/intermedplus.az\/index.php?rest_route=%2Fwp%2Fv2%2Fcomments&post=371"}],"version-history":[{"count":1,"href":"https:\/\/intermedplus.az\/index.php?rest_route=\/wp\/v2\/pages\/371\/revisions"}],"predecessor-version":[{"id":373,"href":"https:\/\/intermedplus.az\/index.php?rest_route=\/wp\/v2\/pages\/371\/revisions\/373"}],"wp:featuredmedia":[{"embeddable":true,"href":"https:\/\/intermedplus.az\/index.php?rest_route=\/wp\/v2\/media\/372"}],"wp:attachment":[{"href":"https:\/\/intermedplus.az\/index.php?rest_route=%2Fwp%2Fv2%2Fmedia&parent=371"}],"curies":[{"name":"wp","href":"https:\/\/api.w.org\/{rel}","templated":true}]}}